ond derivative of j**4/12 - 11*j**3/6 - 11*j**2/2 + 20*j. Let t = -20 - -32. What is the units digit of m(t)?
1
Suppose m = -2*s + 160, 0 = -m + 3*m - 4*s - 328. What is the units digit of m?
2
Let s = 16 + 18. What is the tens digit of s?
3
Let o = -8 - -11. Suppose -5*s + o*c = 20 - 133, -s = -c - 23. What is the units digit of s?
2
Let p(k) = k**2 - 8*k - 9. What is the tens digit of p(17)?
4
Let g(v) = -v**3 + 4*v**2 - v + 3. Suppose -3*m + 0*m = -12. Let i be g(m). Let j = i - -5. What is the units digit of j?
4
Let o = 1 + 6. What is the units digit of o?
7
Let x(p) = -5*p - 4. Let t be x(-3). What is the units digit of t/((3/(-1))/(-3))?
1
Let i be (-4)/(-12) + (-10)/(-6). Suppose i*q = -0*q + 2. What is the units digit of q?
1
Let b(g) = -62*g**3 - 2*g**2 + g. Let p be b(1). What is the units digit of (-2)/(-4) + p/(-6)?
1
Let d be ((-2)/(-4))/((-2)/(-208)). Let v = -31 + d. What is the units digit of v?
1
Let z be ((-2)/4)/((-1)/4). Suppose -2 + 4 = 2*a + l, a = z*l + 6. Suppose t + a = 4. What is the units digit of t?
2
Let p = 78 + -51. What is the units digit of p?
7
Suppose -2*g = 3*g + 4*f - 101, -33 = -g - 4*f. What is the units digit of g?
7
Suppose 0*h + h - 7 = 0. What is the units digit of h?
7
Suppose -112 = -4*s + 16. What is the tens digit of s?
3
Let f = -32 - -62. What is the units digit of f?
0
Let r(k) = -k**3 + 7*k**2 - 9*k + 9. Let c be r(6). Let u be (-6)/(-27) + (-16)/c. Suppose 12 - u = 5*g. What is the units digit of g?
2
Suppose -2*o + 16 = -4. Let f = o + -6. Let y = 0 + f. What is the units digit of y?
4
What is the units digit of (-6)/4 - 2/((-12)/147)?
3
Let n(m) = -3 - m + 4 + 2*m + 11. What is the tens digit of n(11)?
2
Suppose 5*d - 4*d - 59 = 5*n, -99 = -d - 5*n. What is the units digit of d?
9
Let j(l) = -l + 10. Let o be j(0). Suppose r - 4*a = -2*r + 47, 0 = 5*a + o. What is the units digit of r?
3
Let v = 0 + 3. Suppose -5*k - 23 = 3*o - 7, -2*o + 4 = -4*k. What is the units digit of v - (-2 - o) - -3?
6
Suppose -2*q + 4 = 2. Let s(f) = 12*f**3 + f - 1. What is the units digit of s(q)?
2
Suppose 13 = -b + 88. What is the tens digit of b?
7
Suppose 2*d = 2*j - 0*d + 16, 0 = -5*d + 20. What is the units digit of (-231)/(-14) - (-6)/j?
5
Let n = -30 + 45. What is the units digit of n?
5
Let s(v) = v**2 + 3*v + 11. What is the units digit of s(-6)?
9
Suppose 2*d - 8 = 5*k - 28, -20 = 5*d - 5*k. Let v(a) = a**2 + 5. What is the units digit of v(d)?
5
Suppose 2*b = -0*b + 5*t + 37, -5*b = t - 25. Suppose 5*a + 4*k = 27, k = -3*a + 6*a - b. What is the units digit of a?
3
Let g = -19 + 101. What is the tens digit of g?
8
Suppose 13 = 2*s - 85. What is the tens digit of s?
4
Suppose v - 4*f = 13 - 4, -121 = -4*v - f. What is the tens digit of v?
2
Suppose q + 0 = 3. What is the units digit of q/1 + 6 + -2?
7
Let w = -12 - -17. Suppose 0 = -2*i - 3*d + 23, -70 = -0*i - 5*i + w*d. What is the tens digit of i?
1
Let o = -13 - -7. Let g = o + -2. What is the units digit of (-3 - (g - -2))*1?
3
Let v be 6*(-3)/12*-2. Suppose -v*o + 12 = i, -2*o = -4*o - i + 9. Suppose 15 = 4*h + o. What is the units digit of h?
3
What is the tens digit of (-50)/75 + ((-850)/(-6) - 1)?
4
Let o(r) = 24 - r**2 + 0*r**2 + r - 6 + r**3. What is the units digit of o(0)?
8
Let m(i) = i**3 - 2*i**2 + i - 1. Let a = -7 - -8. Let w be m(a). Let l(v) = 16*v**2 + v. What is the tens digit of l(w)?
1
Suppose 3*n - 224 = -n. Suppose 5*g - g = -5*a + n, 3*a = -2*g + 26. What is the tens digit of g?
1
Let g = -277 - -398. Suppose 4*u - g = c, -4*u + 136 = -0*u + 4*c. What is the tens digit of u?
3
Let q be (3/(-2))/(3/18). What is the units digit of 0 - 3/1 - q?
6
Let s be (-4)/(-26) - (-16578)/234. Let l = s + -50. What is the tens digit of l?
2
Let l = -22 - -38. Suppose 3*y - a = -l, 4*y + y + a = -16. Let q = y - -12. What is the units digit of q?
8
Suppose 5*c - 88 = -3*b, -b + 5*c = -0*b - 16. What is the units digit of b?
6
Let x = 4 + -7. What is the units digit of (2/(-6))/(x/54)?
6
Let x(b) = 5*b - 14. What is the units digit of x(4)?
6
Let r(v) = v**3 + 2*v + 105. What is the units digit of r(0)?
5
Let t = 14 + -6. Let l(u) = 4*u + 5. What is the units digit of l(t)?
7
Let l = -10 + 21. Suppose -d + 43 = 3*r - 3*d, -2*d - 60 = -4*r. Let x = r - l. What is the units digit of x?
6
Let c be (1 - 0)*2 + -16. Let g = -10 - c. What is the units digit of g?
4
Suppose 0 = -g + 4*g - 9. Let x(b) = b**2 - 2. Let p be x(g). Let c(w) = -w**3 + 6*w**2 + 8*w - 1. What is the units digit of c(p)?
6
Let a(h) = -h**3 - h**2 + 2. Let i be a(0). Suppose -i*z - 3*z + 15 = 0. Suppose 2*w - z*w = 0, -5*w = 3*o - 6. What is the units digit of o?
2
Let h = -172 - -200. What is the units digit of h?
8
Suppose 4*z + 60 = 2*z. Let m be (-1 + 3)*z/(-12). Suppose 4*l - 2*n = 2*l + 18, 4*l - m*n - 41 = 0. What is the units digit of l?
4
Suppose -3 = x - m - 9, -4*x + 15 = -m. Suppose -w - x*t + 9 = -15, -4*t = 2*w - 42. What is the tens digit of w?
1
Suppose 5*o - 433 = o + 3*b, 3*o + 3*b - 309 = 0. What is the hundreds digit of o?
1
Suppose -3*n = -x - 5, -3*n + 7*n - 3*x - 15 = 0. Let w be 1 - 28/(n - 2). What is the units digit of 2/10 - (-72)/w?
5
Suppose 0 = -6*j - 0*j + 180. Suppose -j = -2*c + 4*k - 0*k, 4*c + 5*k = -5. What is the units digit of c?
5
Let p be (-1)/(-4) - 18/8. Let o be 1/2 + p/4. Let w(x) = -x**2 + x + 6. What is the units digit of w(o)?
6
Let s = -13 - -21. Let t(y) = -y**3 + 7*y**2 + 12*y. Let v(c) = c - 1. Let g(d) = t(d) - 3*v(d). What is the units digit of g(s)?
1
Suppose s - 96 = -3*s. What is the tens digit of s?
2
Let i(h) = 2*h**2 + 8*h + 8. What is the units digit of i(-11)?
2
Let i(p) = -2*p - 8. What is the tens digit of i(-22)?
3
Suppose -9 = 3*w + 3*p, -2*w + 23 = -3*w - 5*p. Let y be w*-2 + 3 - 5. What is the units digit of (-38)/(-6) + y/(-9)?
7
Let i = 0 + 0. Let y = 23 - -17. Suppose i = v + 3*v - y. What is the units digit of v?
0
Let r(d) = 6*d**2 - 2*d + 1. Let p be r(1). Suppose 4*y - 2*y - 3*f = -21, 3*y - p*f = -34. Let t = 1 - y. What is the units digit of t?
4
Let m = -13 + 40. What is the tens digit of m?
2
Let t = -8 - -8. Suppose 0 = 2*n - q - 2, -4*n - 2*q + 4 + 0 = 0. Suppose t = 3*w - n - 23. What is the units digit of w?
8
Suppose 486 = -19*l + 22*l. What is the units digit of l?
2
Suppose -3*r - r = -80. What is the units digit of r?
0
Suppose -4*u = -3*y - 2 - 4, -12 = -4*u. Suppose 12 = -y*s + 28. Let k = 14 - s. What is the units digit of k?
6
Suppose t + 28 = 5*t + 2*f, -11 = t + 5*f. What is the units digit of t?
9
Let l = -14 - -18. What is the units digit of l?
4
Suppose 6*d + k = 2*d + 109, d - k = 26. What is the units digit of d?
7
Let l = -165 - -300. What is the hundreds digit of l?
1
Let r(j) = -2*j**2 - 2*j**2 + 1 + 4*j - 6*j. Let a(d) = 3*d**2 + 2*d. Let z(q) = 3*a(q) + 2*r(q). What is the units digit of z(-3)?
5
Let s be ((-90)/(-35))/(6/(-28)). Let w = 34 + -13. Let n = w + s. What is the units digit of n?
9
Let o = 119 - 48. What is the units digit of o?
1
Suppose 5*t + 2*k = -1010, -t - 4*k + 606 = -4*t. What is the tens digit of t/(-10) + (-4)/(-5)?
2
Let l be (-2)/((3 + -7)/4). What is the units digit of 13 - (l - (-1 - 0))?
0
Let k be ((-6)/4)/((-4)/8). Let g = 4 - k. What is the units digit of g?
1
Suppose 0*o = 3*o. Suppose o = -2*w - 6 + 18. What is the units digit of w?
6
What is the units digit of (105/5 + 5)/((-4)/(-6))?
9
Suppose 6 + 7 = 3*v - l, 0 = 4*v - 2*l - 16. Suppose 4*i - v = 3*i. What is the units digit of (-1)/(3/(-9)) + i?
8
Let z = 130 - 52. What is the units digit of z?
8
Let i(u) = -5*u - 4. Let m be i(-4). Suppose 5*v = m + 9. What is the units digit of v?
5
Suppose 11*i = 2*i + 342. What is the tens digit of i?
3
Let m(u) be the second derivative of -u**4/12 - 5*u**3/6 - u**2/2 + 3*u. What is the units digit of m(-3)?
5
Let l(h) = -h**3 - h + 12. Suppose 0 = -o - 6. Let m = 6 + o. What is the tens digit of l(m)?
1
Suppose -3*z + 4*z = 6. What is the units digit of z?
6
Let f(u) = 12*u. Let g be f(1). Let w = g + 24. What is the tens digit of w?
3
Let l(z) = z**2 - 3*z + 2. Let j be l(3). What is the units digit of j/(-10) + (-104)/(-20)?
5
Let q(f) = f + 16. What is the units digit of q(-9)?
7
Let b = 178 - 95. Suppose 31 = -4*k + b. What is the units digi